{"id":5,"date":"2010-11-24T19:57:58","date_gmt":"2010-11-24T19:57:58","guid":{"rendered":"http:\/\/kolibri-grundschule.de\/home\/?page_id=5"},"modified":"2017-10-25T15:04:04","modified_gmt":"2017-10-25T15:04:04","slug":"uber-die-schule","status":"publish","type":"page","link":"https:\/\/kolibri-grundschule.de\/home\/?page_id=5","title":{"rendered":"\u00dcber die Schule"},"content":{"rendered":"<ul>\n<li><strong><span style=\"color: #060a2d;\">Die Kolibri-Grundschule ist ein Ort des Lernens und des friedvollen und gewaltfreien Zusammenlebens.<\/span><\/strong><\/li>\n<li><strong><span style=\"color: #060a2d;\">Unsere Schule ist eine Schule f\u00fcr alle, die allen gleiche Teilhabe garantiert.<\/span><\/strong><\/li>\n<\/ul>\n<p style=\"text-align: left;\"><span style=\"color: #060a2d;\">Alle am Schulleben beteiligten Gruppen arbeiten vertrauensvoll und konstruktiv zusammen, um den Sch\u00fclerinnen und Sch\u00fclern von der Schulanfangsphase bis zur 6. Klasse ein erfolgreiches Lernen zu erm\u00f6glichen. Jedes Kind wird in seiner Individualit\u00e4t angenommen und geachtet. Ein respektvolles Miteinander ist die Grundvoraussetzung, damit alle Kinder nach ihren F\u00e4higkeiten und M\u00f6glichkeiten gefordert und gef\u00f6rdert werden.<\/span><br \/>\n<em><span style=\"color: #060a2d;\">\u2026 und hier geht\u2019s per <strong><span style=\"color: #060a2d;\"><a href=\"http:\/\/www.logbuch.center\/web_kgs\/flyer\/webpaper.html\" target=\"_blank\" rel=\"noopener\">Klick<\/a><\/span><\/strong> zur virtuell \u201abl\u00e4tterbaren\u2018 Version unseres Flyers \u2026<\/span><\/em><\/p>\n<p><a href=\"https:\/\/i0.wp.com\/kolibri-grundschule.de\/home\/wp-content\/uploads\/2010\/11\/tabelle_kgs.png\"><img decoding=\"async\" loading=\"lazy\" class=\"size-full wp-image-719 aligncenter\" src=\"https:\/\/i0.wp.com\/kolibri-grundschule.de\/home\/wp-content\/uploads\/2010\/11\/tabelle_kgs.png?resize=584%2C513\" alt=\"Unser Leitbild\" width=\"584\" height=\"513\" data-recalc-dims=\"1\" \/><\/a><br \/>\n<span style=\"color: #051329;\"><strong>Die aktuellen Unterrichts- und Pausenzeiten<\/strong><\/span><\/p>\n<p style=\"text-align: center;\"><img decoding=\"async\" loading=\"lazy\" class=\"wp-image-1401 size-full aligncenter\" src=\"https:\/\/i0.wp.com\/kolibri-grundschule.de\/home\/wp-content\/uploads\/2010\/11\/stundentafel.jpg?resize=359%2C378\" alt=\"\" width=\"359\" height=\"378\" data-recalc-dims=\"1\" \/><\/p>\n<p>&nbsp;<\/p>\n","protected":false},"excerpt":{"rendered":"<p>Die Kolibri-Grundschule ist ein Ort des Lernens und des friedvollen und gewaltfreien Zusammenlebens. Unsere Schule ist eine Schule f\u00fcr alle, die allen gleiche Teilhabe garantiert. Alle am Schulleben beteiligten Gruppen arbeiten vertrauensvoll und konstruktiv zusammen, um den Sch\u00fclerinnen und Sch\u00fclern &hellip; <a href=\"https:\/\/kolibri-grundschule.de\/home\/?page_id=5\">Weiterlesen <span class=\"meta-nav\">&rarr;<\/span><\/a><\/p>\n","protected":false},"author":4,"featured_media":0,"parent":0,"menu_order":1,"comment_status":"open","ping_status":"closed","template":"","meta":{"footnotes":""},"jetpack_sharing_enabled":true,"_links":{"self":[{"href":"https:\/\/kolibri-grundschule.de\/home\/index.php?rest_route=\/wp\/v2\/pages\/5"}],"collection":[{"href":"https:\/\/kolibri-grundschule.de\/home\/index.php?rest_route=\/wp\/v2\/pages"}],"about":[{"href":"https:\/\/kolibri-grundschule.de\/home\/index.php?rest_route=\/wp\/v2\/types\/page"}],"author":[{"embeddable":true,"href":"https:\/\/kolibri-grundschule.de\/home\/index.php?rest_route=\/wp\/v2\/users\/4"}],"replies":[{"embeddable":true,"href":"https:\/\/kolibri-grundschule.de\/home\/index.php?rest_route=%2Fwp%2Fv2%2Fcomments&post=5"}],"version-history":[{"count":20,"href":"https:\/\/kolibri-grundschule.de\/home\/index.php?rest_route=\/wp\/v2\/pages\/5\/revisions"}],"predecessor-version":[{"id":3724,"href":"https:\/\/kolibri-grundschule.de\/home\/index.php?rest_route=\/wp\/v2\/pages\/5\/revisions\/3724"}],"wp:attachment":[{"href":"https:\/\/kolibri-grundschule.de\/home\/index.php?rest_route=%2Fwp%2Fv2%2Fmedia&parent=5"}],"curies":[{"name":"wp","href":"https:\/\/api.w.org\/{rel}","templated":true}]}}

Über die Schule

<ul>
<li><strong><span style="color: #060a2d;">Die Kolibri-Grundschule ist ein Ort des Lernens und des friedvollen und gewaltfreien Zusammenlebens.</span></strong></li>
<li><strong><span style="color: #060a2d;">Unsere Schule ist eine Schule für alle, die allen gleiche Teilhabe garantiert.</span></strong></li>
</ul>
<p style="text-align: left;"><span style="color: #060a2d;">Alle am Schulleben beteiligten Gruppen arbeiten vertrauensvoll und konstruktiv zusammen, um den Schülerinnen und Schülern von der Schulanfangsphase bis zur 6. Klasse ein erfolgreiches Lernen zu ermöglichen. Jedes Kind wird in seiner Individualität angenommen und geachtet. Ein respektvolles Miteinander ist die Grundvoraussetzung, damit alle Kinder nach ihren Fähigkeiten und Möglichkeiten gefordert und gefördert werden.</span><br />
<em><span style="color: #060a2d;">… und hier geht’s per <strong><span style="color: #060a2d;"><a href="http://www.logbuch.center/web_kgs/flyer/webpaper.html" target="_blank" rel="noopener">Klick</a></span></strong> zur virtuell ‚blätterbaren‘ Version unseres Flyers …</span></em></p>
<p><a href="https://i0.wp.com/kolibri-grundschule.de/home/wp-content/uploads/2010/11/tabelle_kgs.png"><img decoding="async" loading="lazy" class="size-full wp-image-719 aligncenter" src="https://i0.wp.com/kolibri-grundschule.de/home/wp-content/uploads/2010/11/tabelle_kgs.png?resize=584%2C513" alt="Unser Leitbild" width="584" height="513" data-recalc-dims="1" /></a><br />
<span style="color: #051329;"><strong>Die aktuellen Unterrichts- und Pausenzeiten</strong></span></p>
<p style="text-align: center;"><img decoding="async" loading="lazy" class="wp-image-1401 size-full aligncenter" src="https://i0.wp.com/kolibri-grundschule.de/home/wp-content/uploads/2010/11/stundentafel.jpg?resize=359%2C378" alt="" width="359" height="378" data-recalc-dims="1" /></p>
<p>&nbsp;</p>

<p>Die Kolibri-Grundschule ist ein Ort des Lernens und des friedvollen und gewaltfreien Zusammenlebens. Unsere Schule ist eine Schule für alle, die allen gleiche Teilhabe garantiert. Alle am Schulleben beteiligten Gruppen arbeiten vertrauensvoll und konstruktiv zusammen, um den Schülerinnen und Schülern &hellip; <a href="https://kolibri-grundschule.de/home/?page_id=5">Weiterlesen <span class="meta-nav">&rarr;</span></a></p>
