{"id":453,"date":"2013-09-26T08:48:24","date_gmt":"2013-09-26T08:48:24","guid":{"rendered":"http:\/\/kolibri-grundschule.de\/home\/?page_id=453"},"modified":"2013-11-17T17:39:47","modified_gmt":"2013-11-17T17:39:47","slug":"lesetage","status":"publish","type":"page","link":"https:\/\/kolibri-grundschule.de\/home\/?page_id=453","title":{"rendered":"Vorlesetag am 15. November"},"content":{"rendered":"<p><a href=\"https:\/\/i0.wp.com\/kolibri-grundschule.de\/home\/wp-content\/uploads\/2013\/11\/vlt13.jpg\"><img decoding=\"async\" loading=\"lazy\" class=\"alignright size-full wp-image-864\" alt=\"vlt13\" src=\"https:\/\/i0.wp.com\/kolibri-grundschule.de\/home\/wp-content\/uploads\/2013\/11\/vlt13.jpg?resize=540%2C333\" width=\"540\" height=\"333\" data-recalc-dims=\"1\" \/><\/a><\/p>\n<p>&nbsp;<\/p>\n<p style=\"text-align: left;\"><span style=\"color: #060a2d;\">Leseanf\u00e4nger\/innen aus den Lerngruppen der Schulanfangsphase und der \u201aWillkommensklasse\u2018 der Kolibri-Grundschule in Berlin-Hellersdorf \u201astr\u00f6men\u2018 am Freitagmorgen in den hell erleucheteten Mehrzweckraum der Schule. Stolz zeigen sie am \u201aEinlass\u2018 ihre bunt gestalteten Eintrittskarten zum \u201a10. Bundesweiten Vorlesetag\u2018. Aufgeregt werden die Pl\u00e4tze in den Stuhlreihen gesucht. Langsam zieht Ruhe ein \u2026<\/span><\/p>\n<p style=\"text-align: left;\"><span style=\"color: #060a2d;\">Weckerticken, Gongschl\u00e4ge, festliche Fanfaren, Trommelwirbel \u2026 und ein quirliger \u201aPittiplatsch\u2018, der die Startbahn entr\u00fcmpelt und den \u201aCountdown\u2018 herunterz\u00e4hlt, ziehen die kleinen Zuh\u00f6rer\/innen in ihren Bann. Pl\u00f6tzlich lugt ein gelber Rabenschnabel hinter dem B\u00fchnenvorhang hervor und beginnt mit kr\u00e4chzender Stimme die G\u00e4ste zu begr\u00fc\u00dfen. Er l\u00e4dt alle ein, ihn auf einer Reise in fantasievolle Welten zu begleiten. Dies sei allerdings nur m\u00f6glich, so ermuntert sie \u201emein Name ist Rabe, Lese-Rabe\u201c, wenn sich alle beim Lesenlernen ganz toll M\u00fche geben w\u00fcrden. Die besten Vorleser\/innen aus den 3. bis 6. Klassen beweisen anschlie\u00dfend, was sie schon alles drauf haben. Mit einem \u201aBilderbuchkino\u2018 werden die vorgelesenen Texte aus dem Buch \u201aDer kleine Drache Kokosnuss\u2018 von Ingo Siegner lebendig. Die aufmerksam lauschenden G\u00e4ste k\u00f6nnen so mit dem kleinen Drachen und seiner Freundin Matilda spannende Abenteuer erleben \u2013 bei einem geplanten Raketenausflug, mit Seer\u00e4ubern und einem hinterh\u00e4ltigen Zauberer sowie einer freundlichen Hexe, die das versteinerte Stachelschwein Matilda wieder entzaubert \u2026<\/span><\/span><\/p>\n<p style=\"text-align: left;\"><span style=\"color: #060a2d;\">Nach so langer Zeit aufmerksamen Zuh\u00f6rens ist etwas Auflockerung angesagt. Mit Schwung l\u00e4dt Dr. Gabriele Hiller, MdA\u00a0 aus dem Wohngebiet, die Kinder zu einem bewegungsorientierten Dialog mit ihrem B\u00e4rchen Mischka ein. Nach wenigen Minuten sind die Sinne durch Zappeln und Springen wieder gesch\u00e4rft f\u00fcr die nun folgende Geschichte, in der nat\u00fcrlich, wie k\u00f6nnte es bei einer Sprecherin f\u00fcr Sport und Medien anders sein, ebenfalls Bewegung eine wesentliche Rolle spielt. So erfahren die Kinder aus der Erz\u00e4hlung \u201aWie Putzi einen Pokal gewann\u2018 von Elizabeth Shaw, dass ein abwechslungsreiches, sportlich-gesundes Leben auch zu geistigen H\u00f6chstleistungen wie beim Damespiel f\u00fchren kann.<\/span><\/p>\n<p style=\"text-align: left;\"><span style=\"color: #060a2d;\">Abschlie\u00dfend sind alle kleinen Zuh\u00f6rer\/innen eingeladen, sich am B\u00fcchertisch der in einer Umgestaltung befindlichen SchulBibliothek einen ersten Eindruck davon zu verschaffen, was sie demn\u00e4chst erwarten wird, wenn sie schon bald selbst als Leser\/innen in fantasievolle Welten eintauchen oder entsprechende Lernunterst\u00fctzung nutzen k\u00f6nnen.<\/span><\/p>\n<p style=\"text-align: left;\"><span style=\"color: #060a2d;\">Ein herzliches Dankesch\u00f6n f\u00fcr die Vorbereitung und Durchf\u00fchrung geb\u00fchrt an dieser Stelle den engagierten Lehrerinnen des Fachbereichs Deutsch sowie allen beteiligten Vorleser\/inne\/n aus den gr\u00f6\u00dferen Klassen. <em>[drug|rsv]<\/em><\/span><\/p>\n","protected":false},"excerpt":{"rendered":"<p>&nbsp; Leseanf\u00e4nger\/innen aus den Lerngruppen der Schulanfangsphase und der \u201aWillkommensklasse\u2018 der Kolibri-Grundschule in Berlin-Hellersdorf \u201astr\u00f6men\u2018 am Freitagmorgen in den hell erleucheteten Mehrzweckraum der Schule. Stolz zeigen sie am \u201aEinlass\u2018 ihre bunt gestalteten Eintrittskarten zum \u201a10. Bundesweiten Vorlesetag\u2018. Aufgeregt werden die &hellip; <a href=\"https:\/\/kolibri-grundschule.de\/home\/?page_id=453\">Weiterlesen <span class=\"meta-nav\">&rarr;<\/span><\/a><\/p>\n","protected":false},"author":4,"featured_media":0,"parent":17,"menu_order":0,"comment_status":"closed","ping_status":"closed","template":"","meta":{"footnotes":""},"jetpack_sharing_enabled":true,"_links":{"self":[{"href":"https:\/\/kolibri-grundschule.de\/home\/index.php?rest_route=\/wp\/v2\/pages\/453"}],"collection":[{"href":"https:\/\/kolibri-grundschule.de\/home\/index.php?rest_route=\/wp\/v2\/pages"}],"about":[{"href":"https:\/\/kolibri-grundschule.de\/home\/index.php?rest_route=\/wp\/v2\/types\/page"}],"author":[{"embeddable":true,"href":"https:\/\/kolibri-grundschule.de\/home\/index.php?rest_route=\/wp\/v2\/users\/4"}],"replies":[{"embeddable":true,"href":"https:\/\/kolibri-grundschule.de\/home\/index.php?rest_route=%2Fwp%2Fv2%2Fcomments&post=453"}],"version-history":[{"count":15,"href":"https:\/\/kolibri-grundschule.de\/home\/index.php?rest_route=\/wp\/v2\/pages\/453\/revisions"}],"predecessor-version":[{"id":877,"href":"https:\/\/kolibri-grundschule.de\/home\/index.php?rest_route=\/wp\/v2\/pages\/453\/revisions\/877"}],"up":[{"embeddable":true,"href":"https:\/\/kolibri-grundschule.de\/home\/index.php?rest_route=\/wp\/v2\/pages\/17"}],"wp:attachment":[{"href":"https:\/\/kolibri-grundschule.de\/home\/index.php?rest_route=%2Fwp%2Fv2%2Fmedia&parent=453"}],"curies":[{"name":"wp","href":"https:\/\/api.w.org\/{rel}","templated":true}]}}