{"id":1359,"date":"2017-10-23T16:00:06","date_gmt":"2017-10-23T16:00:06","guid":{"rendered":"http:\/\/kolibri-grundschule.de\/home\/?page_id=1359"},"modified":"2020-03-30T05:55:45","modified_gmt":"2020-03-30T05:55:45","slug":"kolibri-gezwitscher","status":"publish","type":"page","link":"https:\/\/kolibri-grundschule.de\/home\/?page_id=1359","title":{"rendered":"\u201aKolibri-Gezwitscher\u2018"},"content":{"rendered":"<p style=\"text-align: right;\"><span style=\"color: #000080;\"><em>\u2026 die <span style=\"color: #ff0000;\">coolste<\/span> Zeitung der <span style=\"color: #ff0000;\">coolsten<\/span> Schule in der <span style=\"color: #ff0000;\">coolsten<\/span> Stadt!!!<\/em><\/span><\/p>\n<p>Seit 2017 hat die Kolibri-Grundschule ihre eigene Zeitschrift. In bisher elf Ausgaben informiert die Redaktionsgruppe von Sch\u00fclerinnen und Sch\u00fclern der 4. bis 6. Klassen zu aktuellen Themen aus dem Schulalltag sowie dar\u00fcber hinaus zu verschiedenen interessanten Schwerpunkten wie neuen B\u00fcchern, aktuellen Modetrends oder der Welt der Medien \u2026<\/p>\n<p>Hier kann in den\u00a0bisherigen Ausgaben\u00a0virtuell \u201agebl\u00e4ttert\u2018 werden:<\/p>\n<table style=\"height: 191px;\" width=\"585\">\n<tbody>\n<tr>\n<th><\/th>\n<th><\/th>\n<th><\/th>\n<\/tr>\n<tr>\n<td><a href=\"http:\/\/www.logbuch.center\/webpaper\/kolibri-gezwitscher\/1_17\/webpaper.html\" target=\"_blank\" rel=\"noopener noreferrer\">Ausgabe 1\/2017<\/a><\/td>\n<td><a href=\"http:\/\/www.logbuch.center\/webpaper\/kolibri-gezwitscher\/1_18\/webpaper.html\" target=\"_blank\" rel=\"noopener noreferrer\">Ausgabe 1\/2018<\/a><\/td>\n<td><a href=\"http:\/\/www.logbuch.center\/webpaper\/kolibri-gezwitscher\/1_19\/webpaper.html\">Ausgabe 1\/2019<\/a><\/td>\n<\/tr>\n<tr>\n<td><a href=\"http:\/\/www.logbuch.center\/webpaper\/kolibri-gezwitscher\/2_17\/webpaper.html\" target=\"_blank\" rel=\"noopener noreferrer\">Ausgabe 2\/2017<\/a><\/td>\n<td><a href=\"http:\/\/www.logbuch.center\/webpaper\/kolibri-gezwitscher\/2_18\/webpaper.html\" target=\"_blank\" rel=\"noopener noreferrer\">Ausgabe 2\/2018<\/a><\/td>\n<td><a href=\"http:\/\/www.logbuch.center\/webpaper\/kolibri-gezwitscher\/2_19\/webpaper.html\">Ausgabe 2\/2019<\/a><\/td>\n<\/tr>\n<tr>\n<td><a href=\"http:\/\/www.logbuch.center\/webpaper\/kolibri-gezwitscher\/3_17\/webpaper.html\" target=\"_blank\" rel=\"noopener noreferrer\">Ausgabe 3\/2017<\/a><\/td>\n<td><a href=\"http:\/\/www.logbuch.center\/webpaper\/kolibri-gezwitscher\/3_18\/webpaper.html\" target=\"_blank\" rel=\"noopener noreferrer\">Ausgabe 3\/2018<\/a><\/td>\n<td><a href=\"http:\/\/www.logbuch.center\/webpaper\/kolibri-gezwitscher\/3_19\/webpaper.html\">Ausgabe 3\/2019<\/a><\/td>\n<\/tr>\n<tr>\n<td><a href=\"http:\/\/www.logbuch.center\/webpaper\/kolibri-gezwitscher\/4_17\/webpaper.html\" target=\"_blank\" rel=\"noopener noreferrer\">Ausgabe 4\/2017<\/a><\/td>\n<td><a href=\"http:\/\/www.logbuch.center\/webpaper\/kolibri-gezwitscher\/4_18\/webpaper.html\" target=\"_blank\" rel=\"noopener noreferrer\">Ausgabe 4\/2018<\/a><\/td>\n<td><span style=\"color: #ff0000;\"><strong><a style=\"color: #ff0000;\" href=\"https:\/\/t1p.de\/kgz1-20\">Ausgabe 1\/2020<\/a><\/strong><\/span><\/td>\n<\/tr>\n<tr>\n<td><a href=\"http:\/\/www.logbuch.center\/webpaper\/kolibri-gezwitscher\/5_17\/webpaper.html\" target=\"_blank\" rel=\"noopener noreferrer\">Ausgabe 5\/2017<\/a><\/td>\n<td><a href=\"http:\/\/www.logbuch.center\/webpaper\/kolibri-gezwitscher\/5_18\/webpaper.html\" target=\"_blank\" rel=\"noopener noreferrer\">Ausgabe 5\/2018<\/a><\/td>\n<td><\/td>\n<\/tr>\n<\/tbody>\n<\/table>\n","protected":false},"excerpt":{"rendered":"<p>\u2026 die coolste Zeitung der coolsten Schule in der coolsten Stadt!!! Seit 2017 hat die Kolibri-Grundschule ihre eigene Zeitschrift. In bisher elf Ausgaben informiert die Redaktionsgruppe von Sch\u00fclerinnen und Sch\u00fclern der 4. bis 6. Klassen zu aktuellen Themen aus dem &hellip; <a href=\"https:\/\/kolibri-grundschule.de\/home\/?page_id=1359\">Weiterlesen <span class=\"meta-nav\">&rarr;<\/span><\/a><\/p>\n","protected":false},"author":4,"featured_media":0,"parent":0,"menu_order":0,"comment_status":"closed","ping_status":"closed","template":"","meta":{"footnotes":""},"jetpack_sharing_enabled":true,"_links":{"self":[{"href":"https:\/\/kolibri-grundschule.de\/home\/index.php?rest_route=\/wp\/v2\/pages\/1359"}],"collection":[{"href":"https:\/\/kolibri-grundschule.de\/home\/index.php?rest_route=\/wp\/v2\/pages"}],"about":[{"href":"https:\/\/kolibri-grundschule.de\/home\/index.php?rest_route=\/wp\/v2\/types\/page"}],"author":[{"embeddable":true,"href":"https:\/\/kolibri-grundschule.de\/home\/index.php?rest_route=\/wp\/v2\/users\/4"}],"replies":[{"embeddable":true,"href":"https:\/\/kolibri-grundschule.de\/home\/index.php?rest_route=%2Fwp%2Fv2%2Fcomments&post=1359"}],"version-history":[{"count":13,"href":"https:\/\/kolibri-grundschule.de\/home\/index.php?rest_route=\/wp\/v2\/pages\/1359\/revisions"}],"predecessor-version":[{"id":2339,"href":"https:\/\/kolibri-grundschule.de\/home\/index.php?rest_route=\/wp\/v2\/pages\/1359\/revisions\/2339"}],"wp:attachment":[{"href":"https:\/\/kolibri-grundschule.de\/home\/index.php?rest_route=%2Fwp%2Fv2%2Fmedia&parent=1359"}],"curies":[{"name":"wp","href":"https:\/\/api.w.org\/{rel}","templated":true}]}}